{"id":51,"date":"2017-09-14T08:12:31","date_gmt":"2017-09-14T08:12:31","guid":{"rendered":"http:\/\/s-h.dk\/job\/?page_id=51"},"modified":"2017-09-14T08:19:13","modified_gmt":"2017-09-14T08:19:13","slug":"oenske-jobs","status":"publish","type":"page","link":"http:\/\/s-h.dk\/job\/?page_id=51","title":{"rendered":"\u00d8nske Jobs"},"content":{"rendered":"<p>&nbsp;<\/p>\n<p>Der er flere slags job som kunne v\u00e6re \u00f8nske job.<\/p>\n<ol>\n<li>Job orienteret mod Edb.<br \/>\nDeltids job med hj\u00e6lp til l\u00f8sning af Pc &#8211; edb problemer samt vejledning af bruger<br \/>\nProgrammerings opgaver<br \/>\n???<\/li>\n<li>Chauff\u00f8r job med lille k\u00f8rekort<br \/>\nBringe vare ud<br \/>\nK\u00f8re personer rundt i byen<\/li>\n<li>Manuelt arbejde<br \/>\nAssistent i butik<br \/>\nArbejde p\u00e5 lager eller p\u00e5 kontor<\/li>\n<\/ol>\n","protected":false},"excerpt":{"rendered":"<p>&nbsp; Der er flere slags job som kunne v\u00e6re \u00f8nske job. Job orienteret mod Edb. Deltids job med hj\u00e6lp til l\u00f8sning af Pc &#8211; edb problemer samt vejledning af bruger Programmerings opgaver ??? Chauff\u00f8r job med lille k\u00f8rekort Bringe vare ud K\u00f8re personer rundt i byen Manuelt arbejde Assistent i butik Arbejde p\u00e5 lager eller &hellip; <a href=\"http:\/\/s-h.dk\/job\/?page_id=51\" class=\"more-link\">L\u00e6s videre <span class=\"screen-reader-text\">\u00d8nske Jobs<\/span> <span class=\"meta-nav\">&rarr;<\/span><\/a><\/p>\n","protected":false},"author":2,"featured_media":0,"parent":0,"menu_order":0,"comment_status":"closed","ping_status":"closed","template":"","meta":{"footnotes":""},"class_list":["post-51","page","type-page","status-publish","hentry"],"yoast_head":"<!-- This site is optimized with the Yoast SEO plugin v24.6 - https:\/\/yoast.com\/wordpress\/plugins\/seo\/ -->\n<title>\u00d8nske Jobs - Job S\u00f8gning<\/title>\n<meta name=\"robots\" content=\"index, follow, max-snippet:-1, max-image-preview:large, max-video-preview:-1\" \/>\n<link rel=\"canonical\" href=\"http:\/\/s-h.dk\/job\/?page_id=51\" \/>\n<meta property=\"og:locale\" content=\"da_DK\" \/>\n<meta property=\"og:type\" content=\"article\" \/>\n<meta property=\"og:title\" content=\"\u00d8nske Jobs - Job S\u00f8gning\" \/>\n<meta property=\"og:description\" content=\"&nbsp; Der er flere slags job som kunne v\u00e6re \u00f8nske job. Job orienteret mod Edb. Deltids job med hj\u00e6lp til l\u00f8sning af Pc &#8211; edb problemer samt vejledning af bruger Programmerings opgaver ??? Chauff\u00f8r job med lille k\u00f8rekort Bringe vare ud K\u00f8re personer rundt i byen Manuelt arbejde Assistent i butik Arbejde p\u00e5 lager eller &hellip; L\u00e6s videre \u00d8nske Jobs &rarr;\" \/>\n<meta property=\"og:url\" content=\"http:\/\/s-h.dk\/job\/?page_id=51\" \/>\n<meta property=\"og:site_name\" content=\"Job S\u00f8gning\" \/>\n<meta property=\"article:modified_time\" content=\"2017-09-14T08:19:13+00:00\" \/>\n<meta name=\"twitter:card\" content=\"summary_large_image\" \/>\n<script type=\"application\/ld+json\" class=\"yoast-schema-graph\">{\"@context\":\"https:\/\/schema.org\",\"@graph\":[{\"@type\":\"WebPage\",\"@id\":\"http:\/\/s-h.dk\/job\/?page_id=51\",\"url\":\"http:\/\/s-h.dk\/job\/?page_id=51\",\"name\":\"\u00d8nske Jobs - Job S\u00f8gning\",\"isPartOf\":{\"@id\":\"http:\/\/s-h.dk\/job\/#website\"},\"datePublished\":\"2017-09-14T08:12:31+00:00\",\"dateModified\":\"2017-09-14T08:19:13+00:00\",\"breadcrumb\":{\"@id\":\"http:\/\/s-h.dk\/job\/?page_id=51#breadcrumb\"},\"inLanguage\":\"da-DK\",\"potentialAction\":[{\"@type\":\"ReadAction\",\"target\":[\"http:\/\/s-h.dk\/job\/?page_id=51\"]}]},{\"@type\":\"BreadcrumbList\",\"@id\":\"http:\/\/s-h.dk\/job\/?page_id=51#breadcrumb\",\"itemListElement\":[{\"@type\":\"ListItem\",\"position\":1,\"name\":\"Hjem\",\"item\":\"http:\/\/s-h.dk\/job\/\"},{\"@type\":\"ListItem\",\"position\":2,\"name\":\"\u00d8nske Jobs\"}]},{\"@type\":\"WebSite\",\"@id\":\"http:\/\/s-h.dk\/job\/#website\",\"url\":\"http:\/\/s-h.dk\/job\/\",\"name\":\"Job S\u00f8gning\",\"description\":\"\",\"potentialAction\":[{\"@type\":\"SearchAction\",\"target\":{\"@type\":\"EntryPoint\",\"urlTemplate\":\"http:\/\/s-h.dk\/job\/?s={search_term_string}\"},\"query-input\":{\"@type\":\"PropertyValueSpecification\",\"valueRequired\":true,\"valueName\":\"search_term_string\"}}],\"inLanguage\":\"da-DK\"}]}<\/script>\n<!-- \/ Yoast SEO plugin. -->","yoast_head_json":{"title":"\u00d8nske Jobs - Job S\u00f8gning","robots":{"index":"index","follow":"follow","max-snippet":"max-snippet:-1","max-image-preview":"max-image-preview:large","max-video-preview":"max-video-preview:-1"},"canonical":"http:\/\/s-h.dk\/job\/?page_id=51","og_locale":"da_DK","og_type":"article","og_title":"\u00d8nske Jobs - Job S\u00f8gning","og_description":"&nbsp; Der er flere slags job som kunne v\u00e6re \u00f8nske job. Job orienteret mod Edb. Deltids job med hj\u00e6lp til l\u00f8sning af Pc &#8211; edb problemer samt vejledning af bruger Programmerings opgaver ??? Chauff\u00f8r job med lille k\u00f8rekort Bringe vare ud K\u00f8re personer rundt i byen Manuelt arbejde Assistent i butik Arbejde p\u00e5 lager eller &hellip; L\u00e6s videre \u00d8nske Jobs &rarr;","og_url":"http:\/\/s-h.dk\/job\/?page_id=51","og_site_name":"Job S\u00f8gning","article_modified_time":"2017-09-14T08:19:13+00:00","twitter_card":"summary_large_image","schema":{"@context":"https:\/\/schema.org","@graph":[{"@type":"WebPage","@id":"http:\/\/s-h.dk\/job\/?page_id=51","url":"http:\/\/s-h.dk\/job\/?page_id=51","name":"\u00d8nske Jobs - Job S\u00f8gning","isPartOf":{"@id":"http:\/\/s-h.dk\/job\/#website"},"datePublished":"2017-09-14T08:12:31+00:00","dateModified":"2017-09-14T08:19:13+00:00","breadcrumb":{"@id":"http:\/\/s-h.dk\/job\/?page_id=51#breadcrumb"},"inLanguage":"da-DK","potentialAction":[{"@type":"ReadAction","target":["http:\/\/s-h.dk\/job\/?page_id=51"]}]},{"@type":"BreadcrumbList","@id":"http:\/\/s-h.dk\/job\/?page_id=51#breadcrumb","itemListElement":[{"@type":"ListItem","position":1,"name":"Hjem","item":"http:\/\/s-h.dk\/job\/"},{"@type":"ListItem","position":2,"name":"\u00d8nske Jobs"}]},{"@type":"WebSite","@id":"http:\/\/s-h.dk\/job\/#website","url":"http:\/\/s-h.dk\/job\/","name":"Job S\u00f8gning","description":"","potentialAction":[{"@type":"SearchAction","target":{"@type":"EntryPoint","urlTemplate":"http:\/\/s-h.dk\/job\/?s={search_term_string}"},"query-input":{"@type":"PropertyValueSpecification","valueRequired":true,"valueName":"search_term_string"}}],"inLanguage":"da-DK"}]}},"_links":{"self":[{"href":"http:\/\/s-h.dk\/job\/index.php?rest_route=\/wp\/v2\/pages\/51","targetHints":{"allow":["GET"]}}],"collection":[{"href":"http:\/\/s-h.dk\/job\/index.php?rest_route=\/wp\/v2\/pages"}],"about":[{"href":"http:\/\/s-h.dk\/job\/index.php?rest_route=\/wp\/v2\/types\/page"}],"author":[{"embeddable":true,"href":"http:\/\/s-h.dk\/job\/index.php?rest_route=\/wp\/v2\/users\/2"}],"replies":[{"embeddable":true,"href":"http:\/\/s-h.dk\/job\/index.php?rest_route=%2Fwp%2Fv2%2Fcomments&post=51"}],"version-history":[{"count":3,"href":"http:\/\/s-h.dk\/job\/index.php?rest_route=\/wp\/v2\/pages\/51\/revisions"}],"predecessor-version":[{"id":55,"href":"http:\/\/s-h.dk\/job\/index.php?rest_route=\/wp\/v2\/pages\/51\/revisions\/55"}],"wp:attachment":[{"href":"http:\/\/s-h.dk\/job\/index.php?rest_route=%2Fwp%2Fv2%2Fmedia&parent=51"}],"curies":[{"name":"wp","href":"https:\/\/api.w.org\/{rel}","templated":true}]}}